s divided by 4?
3
What is the remainder when 560 is divided by -356*14/(-196)*(-7)/(-1)?
26
Suppose 19*j = 22*j. Suppose q + 26*q - 648 = j. Suppose -9 = -2*z + 9. Calculate the remainder when q is divided by z.
6
Suppose 53*a - 38712 = -32*a + 30733. Calculate the remainder when a is divided by 176.
113
Suppose 2594 + 4837 = 3*v. Calculate the remainder when v is divided by 80.
77
Suppose -627*m + 695*m - 4964 = 0. What is the remainder when m is divided by 10?
3
Let t(y) = y**2 - 6*y - 36. Suppose 96 = 10*b - 44. Calculate the remainder when t(-11) is divided by b.
11
Let m(s) = s + 12. Let z(i) = -6*i + 12. Let p be z(4). Let o be m(p). Suppose 4*b - b - 30 = o. What is the remainder when b is divided by 5?
0
Suppose -3*v - 2*k - 1 = -3, 2 = -3*v - 4*k. Let t(h) = 85*h - 115. What is the remainder when 714 is divided by t(v)?
54
Let w(h) = -70*h - 556. Let g = -26 - -79. What is the remainder when g is divided by w(-8)?
1
Let c(z) = 9*z + 49. Let m be c(-5). Suppose 4*g = 4*f - f - 2951, -5*f - m*g + 4865 = 0. Calculate the remainder when f is divided by 70.
67
Suppose 449*g - 445*g = 5*p + 33, p - 27 = -2*g. Calculate the remainder when 1526/18 + 4/18 is divided by g.
1
Let o(u) = -24*u - 33. Suppose -5*b - 15 = -5*r, -3*r + 0*b = -2*b - 4. Calculate the remainder when 70 is divided by o(r).
10
Suppose -507 = -19*o - 646 + 22426. What is the remainder when o is divided by 233?
8
Suppose 16*y - 3952 - 5618 = 23966. Calculate the remainder when y is divided by 15.
11
Let l(j) = 150*j**2 - 392*j + 9. Calculate the remainder when 582 is divided by l(3).
33
Let c(v) = 615*v - 1818. What is the remainder when 1476 is divided by c(3)?
18
Let q(y) be the second derivative of 7*y**3/6 + 127*y**2/2 - 4*y + 8. What is the remainder when 6 is divided by q(-18)?
0
Suppose 5*t + q - 147 = 0, 2*q + 2*q - 18 = -t. Let k = t + -15. What is the remainder when 43 is divided by k?
13
Let h = 699 + -575. What is the remainder when 243 is divided by h?
119
Suppose -5*a - 5*n - 27 + 2922 = 0, 0 = 4*a + 3*n - 2322. Calculate the remainder when a is divided by 49.
46
Let q(p) = -p**3 + 6*p**2 + 4*p - 9. Let a(l) = 2*l**2 - 49*l - 151. What is the remainder when a(30) is divided by q(5)?
35
Suppose -10*h - 7795 = 5925. What is the remainder when ((-2)/(-4))/(-3 + h/(-456)) is divided by 20/2 - 4/(-2)?
9
Calculate the remainder when (-5492)/(-44) - (-4)/22 - -3 - -4 is divided by 21.
6
Let g = 31409 - 30025. Calculate the remainder when g is divided by 40.
24
What is the remainder when ((-36)/4)/(-9) - 3/((-12)/17264) is divided by 15?
12
Suppose 76 + 6 = 4*o + 2*k, 3*o - 45 = 4*k. Suppose 150 = o*q - 287. What is the remainder when 25 is divided by q?
2
Let z be (-38)/(-2*((-16)/(-4) + -3)). Suppose -19 - z = -2*i. Suppose 470 = -180*n + 185*n. Calculate the remainder when n is divided by i.
18
Let h = -53 + 44. Suppose -m + 6 = -0. What is the remainder when (-1162)/(-126) + 2/h is divided by m?
3
Suppose 6*d + 2*d - 243 = 45. What is the remainder when 5034 is divided by d?
30
Let t = -44869 - -45344. Suppose -6 = -2*r + p + 18, 2*r - 3*p - 16 = 0. What is the remainder when t is divided by r?
13
Suppose 0 = t - 3*t + 10. Calculate the remainder when 70/595 + 1492/34 is divided by t.
4
Let m(x) = 2*x**2 - 3*x - 10. Let n be m(4). Let w(u) = -2*u**2 + 21*u + 1. What is the remainder when 42 is divided by w(n)?
9
Let b(q) = q + 24. Let j = 48 + -43. Let y = 17 - j. What is the remainder when y is divided by b(-20)?
0
Let g be 2/20*642 + (-3)/15. Let y = 78 - g. What is the remainder when 53 is divided by y?
11
Suppose -14*k = -27*k + 13. Let u(v) = 16*v + 8. What is the remainder when 164 is divided by u(k)?
20
Let d(u) = -54*u**3 + 5*u**2 + 11*u - 1. Suppose -89*p = -90*p - 2, g + 3*p - 42 = 0. Calculate the remainder when d(-2) is divided by g.
45
Suppose 9*l - 8*l = -h + 8, 0 = 3*h - 5*l. Suppose -h*i + 4*d = -8*i + 1, 0 = -2*i - 2*d + 2. What is the remainder when 8 is divided by i?
2
Let i(p) = -2*p - 1. Suppose 36*a + 500 = 41*a. What is the remainder when a is divided by i(-18)?
30
Suppose 418*n - 415*n - 9 = 0. Suppose c + n*t = 1 + 44, 2*c - 5*t = 101. What is the remainder when c is divided by 21?
6
Let a be 272 + (-2)/6*0 + -3. Suppose 4*l = a + 131. Suppose 3*i - 51 = -5*y, i + 4*y = 5*i - l. Calculate the remainder when 60 is divided by i.
16
Let o = -3 - -28. Let z(l) = 3*l - 12. Let k be z(8). Let b = 16 - k. What is the remainder when o is divided by b?
1
Suppose -3*i + 23 = 5*k - 793, 4*i - 1054 = -k. What is the remainder when i is divided by 44?
42
Let p(c) = -c**2 + 7*c + 2. Let d be p(8). Calculate the remainder when (0 + -8 - -10)/(-1 + (-36)/(-28)) is divided by 4*-2*d/16.
1
Let y(g) = -20*g - 264. Calculate the remainder when 8/(-14) + (2228/28 - 0) is divided by y(-14).
15
Suppose 0 = 5*k - 3*t - 659, 0*t - 3*t = k - 139. Calculate the remainder when 252 is divided by k.
119
Let j(w) = 12*w**2 - 71*w + 190. Calculate the remainder when j(3) is divided by 7.
1
Suppose 3*f + 123 = 2*p + 1790, -3*f - 4*p + 1643 = 0. Let v = -36802 - -36817. What is the remainder when f is divided by v?
13
Let n(s) = -3*s - 105. Let j(o) = -o**3 - 5*o**2 - 3*o + 1. What is the remainder when j(-5) is divided by n(-37)?
4
Suppose 130 + 404 = 20*p - 466. What is the remainder when 1945 is divided by p?
45
Suppose 147 = -53*l + 1896. Let g be 8 + -8 - (18 + 0). What is the remainder when g/108 + (-1142)/(-12) is divided by l?
29
Let z be -51*((-12)/6 - -5). What is the remainder when 48 is divided by (-8)/((-48)/119 + (-18)/z)?
20
Suppose -z + 5*z - 32 = -5*v, 2*z + 4*v = 16. Suppose 0*x = z*x - 152. What is the remainder when x is divided by 5?
4
Let s = 284 - 285. Calculate the remainder when ((-18)/(-54))/(s/(-105)) is divided by 14.
7
Suppose -3*h - j - 510 = 0, 0 = 4*h + 2*j + 199 + 483. Let u = h + 173. Suppose 0 = 2*f - 3*f + 19. Calculate the remainder when f is divided by u.
3
Let z(i) = i**2 - i + 310. Suppose 0 = -7*v - 90*v + 2522. What is the remainder when z(0) is divided by v?
24
What is the remainder when 3823 is divided by ((-52)/(-16))/((-63)/(-288)) + 3/21?
13
Let g(p) = 2*p**3 + 5 + 13 - 4 - 6*p - 3*p**3 - 7*p**2. Let s be g(-6). Let w = 20 + s. Calculate the remainder when w is divided by 19.
15
Suppose -34 = -m + b, 5*m = b + 64 + 122. Calculate the remainder when 411 is divided by m.
31
Calculate the remainder when 18032/80 + 3*4/(-30) is divided by 35.
15
Suppose -r - 474 = r - 5*u, -4*r - 980 = -2*u. Let q = r + 289. What is the remainder when q is divided by 11?
9
Let q(s) = 2*s**2 + s + 2. Let r be q(0). Suppose -r*d + 3*u = 2*d + 23, -4*d - 15 = 5*u. What is the remainder when 45/18*((-224)/d + 2) is divided by 20?
17
Let d = -1117 + 1130. What is the remainder when 565 is divided by d?
6
Let j(g) = 6*g**2 - 160*g + 18. Calculate the remainder when 12598 is divided by j(27).
70
Let q = 435 - 311. Suppose -z = 3*w - 5*z - 93, q = 4*w + 4*z. What is the remainder when 309 is divided by w?
30
Let w be (-41 + -7)*9/(-2). Calculate the remainder when (12 - 6) + w + -4 is divided by 55.
53
Let w = -111 + 119. Let k(y) = -y + 6. Let i be k(4). Calculate the remainder when i*3/((-6)/(-55)) is divided by w.
7
Suppose -100*p - 124 = -102*p + 5*b, p = -b + 62. Suppose 0 = d - 13. What is the remainder when p is divided by d?
10
Suppose -4*m + 10 = -6. Suppose 4*v + l + m*l - 219 = 0, -2*v = -l - 127. Let j = -11 - -33. What is the remainder when v is divided by j?
17
Suppose 0*w - 671 - 209 = -11*w. What is the remainder when 367 is divided by w?
47
Suppose -11*b = 3*b + 112. Suppose 2*m - 29 - 15 = 0. What is the remainder when 20/b*-1*34 is divided by m?
19
Calculate the remainder when 6431 is divided by (6440/2576)/(10/384*1).
95
Suppose 33*j - 14000 = 5*j. Let l = j + -319. Suppose -5*u - 2*v + 230 = 0, -4*u + 6*u - 92 = 2*v. Calculate the remainder when l is divided by u.
43
Let h(q) = 113*q**3 - 3*q**2 - 6*q + 9. Calculate the remainder when 170 is divided by h(1).
57
Let v = -965 + 561. Let f = v - -425. What is the remainder when f is divided by 8?
5
Calculate the remainder when 4471 is divided by (-12)/(3/(-12) - (-20)/(-16)).
7
Suppose -10*o + 26355 = 17049 - 54074. Calculate the remainder when o is divided by 633.
8
Suppose 0 = 5*k